?
-3
Let u(c) = c**2 - 147*c + 4113. Calculate u(38).
-29
Let j(f) = 9*f**2 + 425*f + 503. Determine j(-46).
-3
Let h(i) = -88*i - 4534. Calculate h(-50).
-134
Let c(z) = -z**3 + 8*z**2 + 6*z + 172. Give c(10).
32
Let t(b) = -9*b**2 + 135*b - 3. Determine t(15).
-3
Let g(m) = -m**2 + 2*m + 21. Determine g(-10).
-99
Let t(p) = -148*p**2 - 313*p + 314. Give t(1).
-147
Let r(v) = v**2 + 136*v + 1020. Determine r(-8).
-4
Let q(t) = -3*t**2 + 61*t + 151. Determine q(23).
-33
Let b(s) = -s**3 + 13*s**2 + 12*s - 141. Calculate b(11).
233
Let d(j) = -36*j**2 + 115*j - 567. Calculate d(5).
-892
Let m(r) = -2*r**3 - 24*r**2 + 25*r - 11. Calculate m(-13).
2
Let y(v) = -3*v**3 - 86*v**2 - 498*v - 37. What is y(-8)?
-21
Let p(c) = 23*c**2 - 1351*c - 374. Give p(59).
-20
Let n(s) = -s**2 + 5311*s - 5. Determine n(0).
-5
Let z(y) = -7*y**2 - 165*y - 17. Determine z(-26).
-459
Let f(d) = d**3 - 10*d**2 - d + 12. Give f(11).
122
Let x(y) = 20*y + 143. What is x(-7)?
3
Let a(c) = -7*c**3 + 6*c**2 - 22*c + 28. Calculate a(3).
-173
Let g(v) = -v**3 + 13*v**2 - 2*v + 7. What is g(0)?
7
Let w(j) = 118*j + 686. What is w(-6)?
-22
Let p(h) = -5157*h + 134087. Determine p(26).
5
Let w(r) = -4*r**2 - 233*r - 275. Determine w(-57).
10
Let v(k) = -78*k + 128. Determine v(6).
-340
Let o(c) = c**3 + 8*c**2 - 4*c - 57. What is o(-7)?
20
Let g(t) = -30*t - 1158. Calculate g(-39).
12
Let k(f) = -190*f + 753. Give k(4).
-7
Let i(w) = -3*w**2 + 41*w - 12. What is i(15)?
-72
Let a(p) = -p**3 - 21*p**2 - 83*p - 71. Calculate a(-16).
-23
Let z(p) = p**3 - 65*p**2 - 120*p - 1079. Give z(67).
-141
Let w(k) = 82*k. Determine w(4).
328
Let k(b) = b**2 + 53*b + 540. Determine k(-15).
-30
Let n(v) = -v**3 - 26*v**2 - 140*v + 19. Calculate n(-18).
-53
Let c(j) = -j**2 - 92*j + 3201. Calculate c(25).
276
Let t(f) = -559*f + 18445. Give t(33).
-2
Let s(i) = -5*i**2 + 2*i + 5. Determine s(-2).
-19
Let l(q) = q**3 - q**2 - 238*q + 79. Calculate l(-15).
49
Let d(n) = -35*n - 2392. Calculate d(-68).
-12
Let k(r) = r**3 + r**2 - 3*r - 309. What is k(0)?
-309
Let p(g) = -27804*g - 83417. Give p(-3).
-5
Let t(d) = -2*d**3 - 13*d**2 + d + 26. What is t(-4)?
-58
Let u(x) = -26*x + 10. Give u(-3).
88
Let q(x) = 6*x**2 - 424*x - 596. Calculate q(72).
-20
Let o(q) = q**3 + 20*q**2 - 47*q - 135. Give o(-22).
-69
Let l(b) = -3*b**3 + 147*b**2 - 143*b - 53. What is l(48)?
-5
Let y(s) = 36*s**2 + 248*s + 348. Calculate y(-2).
-4
Let o(t) = -6*t**2 - 878*t + 1500. Give o(-148).
20
Let m(l) = -2*l**3 - 10*l**2 + 20*l + 93. Determine m(-4).
-19
Let f(d) = -482*d + 2880. Calculate f(6).
-12
Let u(w) = -5*w**3 + 12*w**2 - 38*w - 2. Give u(3).
-143
Let s(h) = h**2 - 49*h - 575. Determine s(-12).
157
Let k(b) = b**3 + 2*b**2 - 83*b + 250. Determine k(4).
14
Let w(y) = -363*y - 6901. Calculate w(-19).
-4
Let v(m) = -2*m**3 + 6*m**2 + 2*m + 21. Calculate v(4).
-3
Let i(t) = -t**3 + 25*t**2 + 118*t - 2387. Give i(26).
5
Let z(u) = -1027*u - 59565. What is z(-58)?
1
Let g(y) = 6*y + 1. Calculate g(11).
67
Let q(j) = j**3 - 27*j**2 - 240*j + 78. Determine q(34).
10
Let c(l) = 12420*l + 62102. Calculate c(-5).
2
Let k(f) = -13*f**2 + 21*f - 69. Calculate k(3).
-123
Let v(a) = -a**3 + 3*a**2 + 137*a - 527. Calculate v(4).
5
Let p(n) = -8*n**3 - 21*n**2 + 22*n + 1. Determine p(1).
-6
Let j(p) = -5*p - 22. What is j(-6)?
8
Let l(t) = 2*t**2 + 203*t - 11321. Calculate l(40).
-1
Let g(b) = b**2 + 8729*b + 78487. Give g(-9).
7
Let u(c) = -91*c - 1181. Calculate u(-13).
2
Let g(a) = 9*a**2 + 1111*a + 494. What is g(-123)?
2
Let z(j) = -j**2 - 56*j - 718. Determine z(-19).
-15
Let k(i) = -132*i**2 - 5282*i - 88. What is k(-40)?
-8
Let t(v) = -7*v**2 - 4*v - 2. Calculate t(5).
-197
Let d(p) = 14540*p + 58146. Give d(-4).
-14
Let b(m) = 123*m + 139. Calculate b(-5).
-476
Let l(w) = 61*w + 82. What is l(-8)?
-406
Let a(d) = 8*d - 25. Give a(-3).
-49
Let k(f) = -f**3 + 4*f**2 - 14*f + 22. Calculate k(2).
2
Let s(d) = -11*d + 655. Give s(48).
127
Let s(u) = u**3 - 18*u**2 - 34*u - 34. Determine s(19).
-319
Let b(v) = v**3 - 11*v**2 - 16*v + 28. Calculate b(12).
-20
Let x(a) = 71*a**2 - 6*a - 8. What is x(-2)?
288
Let h(v) = 5424*v - 48817. What is h(9)?
-1
Let r(l) = -90*l + 1074. Calculate r(17).
-456
Let s(a) = a**3 + 12*a**2 - 57*a - 556. Determine s(-12).
128
Let q(k) = 28*k**2 + 222*k - 14. Calculate q(0).
-14
Let i(c) = c**3 - 3*c**2 - 2*c + 148. What is i(0)?
148
Let x(f) = -8*f**3 + 9*f**2 + 28*f + 1. Determine x(-2).
45
Let a(l) = 2*l**2 + 76*l - 1444. What is a(14)?
12
Let o(l) = 2*l**2 - 175*l - 447. What is o(90)?
3
Let d(h) = -h**2 + 66*h + 316. Calculate d(-5).
-39
Let j(t) = 75*t + 2332. Calculate j(-31).
7
Let o(b) = -b**3 + 17*b**2 + 91*b + 14. What is o(22)?
-404
Let n(b) = -2*b**2 - 28*b + 33. Give n(-13).
59
Let d(v) = -6*v + 105. Determine d(-17).
207
Let i(t) = -t**2 - 46*t - 17. Calculate i(0).
-17
Let v(d) = d**2 + 13*d - 49. Calculate v(4).
19
Let m(s) = -s**2 + 10*s + 10. What is m(9)?
19
Let n(d) = 3066*d + 18391. Determine n(-6).
-5
Let c(w) = 31*w**3 + 187*w**2 + 9*w + 22. What is c(-6)?
4
Let u(t) = -t**3 - 6*t**2 + 14*t - 87. Calculate u(-9).
30
Let r(n) = 240*n + 26886. What is r(-112)?
6
Let z(x) = 53*x**2 + 14*x + 45. Determine z(-5).
1300
Let k(s) = s**2 + 35*s - 190. Determine k(-40).
10
Let b(t) = t**2 + 12*t + 14. Give b(-7).
-21
Let c(q) = -41*q - 732. Calculate c(-18).
6
Let t(z) = -375*z + 20259. Determine t(54).
9
Let l(k) = 6*k**2 + 6*k + 11. What is l(-2)?
23
Let p(j) = 2*j**3 + 17*j**2 + 18*j + 53. Calculate p(-8).
-27
Let s(k) = 11*k + 120. Calculate s(-8).
32
Let b(d) = d**2 - 92*d + 553. Determine b(6).
37
Let x(t) = -t**2 - 4*t + 141. What is x(-17)?
-80
Let p(z) = -19*z**3 - 703*z**2 - 10. What is p(-37)?
-10
Let b(i) = 2*i**3 - 11*i**2 - 6*i + 14. What is b(6)?
14
Let j(v) = -v**3 + 9*v**2 + 13*v + 30. Calculate j(11).
-69
Let l(n) = 2*n + 14. Give l(-41).
-68
Let j(m) = m**3 + 15*m**2 + 35*m - 13. Determine j(-6).
101
Let t(y) = -y**3 + y**2 + 77*y - 272. What is t(6)?
10
Let g(w) = -1340*w - 16082. Calculate g(-12).
-2
Let n(x) = -9*x - 148. Determine n(-8).
-76
Let v(x) = 2*x + 17. Give v(12).
41
Let q(s) = 216*s - 889. Calculate q(4).
-25
Let t(s) = -71*s + 165. Give t(6).
-261
Let l(p) = -145*p - 9. What is l(1)?
-154
Let l(i) = 92*i + 953. Give l(-10).
33
Let b(o) = -2*o**3 - 34*o**2 - 29*o + 40. Calculate b(-16).
-8
Let i(o) = -o**3 + 2*o**2 + 34*o + 10. What is i(-6)?
94
Let j(b) = -b**3 - 14*b**2 + 110*b + 274. Determine j(-19).
-11
Let b(i) = -91*i - 44. Calculate b(0).
-44
Let s(f) = f**3 + 52*f**2 + 386*f + 1498. Determine s(-44).
2
Let x(w) = -3*w**2 - 165*w - 1446. Calculate x(-11).
6
Let d(k) = 2*k**2 - 439*k - 2007. Determine d(224).
9
Let c(t) = 29*t**2 - 266*t - 7. What is c(9)?
-52
Let p(x) = -381*x - 2695. What is p(-7)?
-28
Let w(n) = n**2 + 59*n + 891. Give w(-33).
33
Let m(n) = n**2 + 13*n + 8. Calculate m(-16).
56
Let v(h) = -30*h**2 + 960*h - 3. Determine v(32).
-3
Let n(w) = -w**2 + 116*w - 2841. Calculate n(35).
-6
Let c(i) = -7*i**2 + 32*i + 9. Calculate c(3).
42
Let b(o) = -3*o**3 + 10*o**2 + 15*o + 12. Calculate b(-3).
138
Let k(o) = -o**2 + 16*o + 99. Determine k(-10).
-161
Let d(s) = 7*s**3 + 11*s**2 + 7*s + 8. Calculate d(-2).
-18
Let a(q) = 1212*q - 47266. What is a(39)?
2
Let l(m) = 82*m - 841. What is l(10)?
-21
Let b(p) = 1727*p - 3321. Determine b(2).
133
Let c(i) = -594*i - 3572. Calculate c(-6).
-8
Let y(d) = -d**3 + 27*d**2 + 84*d + 202. Give y(30).
22
Let w(y) = -482*y - 1934. Determine w(-4).
-6
Let f(h) = 28*h**2 - 135*h + 4. What is f(4)?
-88
Let z(d) = d**3 - 12*d**2 - 76*d - 104. Determine z(17).
49
Let y(n) = n**2 + 36*n + 205. What is y(-19)?
-118
Let u(y) = 3355*y - 10070. Give u(3).
-5
Let c(l) = 37*l - 126. What is c(-3)?
-237
Let q(j) = -206*j**2 + 26*j + 25. Determine q(-1).
-207
Let n(p) = -p**2 + 9*p + 22. Determine n(-4).
-30
Let b(w) = 1694*w + 6787. Calculate b(-4).
11
Let j(q) = -q**2 - 42*q - 150. Give j(-36).
66
Let o(x) = 12*x**3 - 5*x**2 - 13*x + 4. Calculate o(3).
244
Let z(p) = p**2 + 24*p + 88. Give z(-18).
-20
Let a(o) = 2*o**2 - 218*o - 1104. Determine a(-5).
36
Let f(n) = n**2 - 84*n + 467. Give f(78).
-1
Let o(y) = -1978*y - 21763. Determine o(-11).
-5
Let x(l) = 872*l + 4367. Determine x(-5).
7
Let k(g) =